{"id":91,"date":"2024-09-19T15:10:59","date_gmt":"2024-09-19T15:10:59","guid":{"rendered":"https:\/\/fardesalou.es\/?page_id=91"},"modified":"2025-08-26T08:52:33","modified_gmt":"2025-08-26T08:52:33","slug":"die-wohnung","status":"publish","type":"page","link":"https:\/\/fardesalou.es\/?page_id=91","title":{"rendered":"Die Wohnung"},"content":{"rendered":"\t\t<div data-elementor-type=\"wp-page\" data-elementor-id=\"91\" class=\"elementor elementor-91\">\n\t\t\t\t<div class=\"elementor-element elementor-element-0b5bb2d e-con-full e-flex e-con e-parent\" data-id=\"0b5bb2d\" data-element_type=\"container\" data-e-type=\"container\">\n\t\t\t\t<div class=\"elementor-element elementor-element-ba8ddf0 elementor-arrows-position-inside elementor-pagination-position-outside elementor-widget elementor-widget-image-carousel\" data-id=\"ba8ddf0\" data-element_type=\"widget\" data-e-type=\"widget\" data-settings=\"{&quot;navigation&quot;:&quot;both&quot;,&quot;autoplay&quot;:&quot;yes&quot;,&quot;pause_on_hover&quot;:&quot;yes&quot;,&quot;pause_on_interaction&quot;:&quot;yes&quot;,&quot;autoplay_speed&quot;:5000,&quot;infinite&quot;:&quot;yes&quot;,&quot;speed&quot;:500}\" data-widget_type=\"image-carousel.default\">\n\t\t\t\t<div class=\"elementor-widget-container\">\n\t\t\t\t\t\t\t<div class=\"elementor-image-carousel-wrapper swiper\" role=\"region\" aria-roledescription=\"carousel\" aria-label=\"Bild Karussell\" dir=\"ltr\">\n\t\t\t<div class=\"elementor-image-carousel swiper-wrapper swiper-image-stretch\" aria-live=\"off\">\n\t\t\t\t\t\t\t\t<div class=\"swiper-slide\" role=\"group\" aria-roledescription=\"slide\" aria-label=\"1 von 6\"><figure class=\"swiper-slide-inner\"><img decoding=\"async\" class=\"swiper-slide-image\" src=\"https:\/\/fardesalou.es\/wp-content\/uploads\/2024\/09\/IMG_0771-600x400.jpg\" alt=\"IMG_0771\" \/><\/figure><\/div><div class=\"swiper-slide\" role=\"group\" aria-roledescription=\"slide\" aria-label=\"2 von 6\"><figure class=\"swiper-slide-inner\"><img decoding=\"async\" class=\"swiper-slide-image\" src=\"https:\/\/fardesalou.es\/wp-content\/uploads\/2025\/02\/20240427_184034-600x400.jpg\" alt=\"20240427_184034\" \/><\/figure><\/div><div class=\"swiper-slide\" role=\"group\" aria-roledescription=\"slide\" aria-label=\"3 von 6\"><figure class=\"swiper-slide-inner\"><img decoding=\"async\" class=\"swiper-slide-image\" src=\"https:\/\/fardesalou.es\/wp-content\/uploads\/2024\/09\/IMG_0800-600x400.jpg\" alt=\"Wohnk\u00fcche\" \/><\/figure><\/div><div class=\"swiper-slide\" role=\"group\" aria-roledescription=\"slide\" aria-label=\"4 von 6\"><figure class=\"swiper-slide-inner\"><img decoding=\"async\" class=\"swiper-slide-image\" src=\"https:\/\/fardesalou.es\/wp-content\/uploads\/2024\/09\/IMG_0805-600x400.jpg\" alt=\"IMG_0805\" \/><\/figure><\/div><div class=\"swiper-slide\" role=\"group\" aria-roledescription=\"slide\" aria-label=\"5 von 6\"><figure class=\"swiper-slide-inner\"><img decoding=\"async\" class=\"swiper-slide-image\" src=\"https:\/\/fardesalou.es\/wp-content\/uploads\/2024\/09\/IMG_0795-600x400.jpg\" alt=\"Wohnraum\" \/><\/figure><\/div><div class=\"swiper-slide\" role=\"group\" aria-roledescription=\"slide\" aria-label=\"6 von 6\"><figure class=\"swiper-slide-inner\"><img decoding=\"async\" class=\"swiper-slide-image\" src=\"https:\/\/fardesalou.es\/wp-content\/uploads\/2024\/09\/IMG_0790-600x400.jpg\" alt=\"IMG_0790\" \/><\/figure><\/div>\t\t\t<\/div>\n\t\t\t\t\t\t\t\t\t\t\t\t<div class=\"elementor-swiper-button elementor-swiper-button-prev\" role=\"button\" tabindex=\"0\">\n\t\t\t\t\t\t<svg aria-hidden=\"true\" class=\"e-font-icon-svg e-eicon-chevron-left\" viewBox=\"0 0 1000 1000\" xmlns=\"http:\/\/www.w3.org\/2000\/svg\"><path d=\"M646 125C629 125 613 133 604 142L308 442C296 454 292 471 292 487 292 504 296 521 308 533L604 854C617 867 629 875 646 875 663 875 679 871 692 858 704 846 713 829 713 812 713 796 708 779 692 767L438 487 692 225C700 217 708 204 708 187 708 171 704 154 692 142 675 129 663 125 646 125Z\"><\/path><\/svg>\t\t\t\t\t<\/div>\n\t\t\t\t\t<div class=\"elementor-swiper-button elementor-swiper-button-next\" role=\"button\" tabindex=\"0\">\n\t\t\t\t\t\t<svg aria-hidden=\"true\" class=\"e-font-icon-svg e-eicon-chevron-right\" viewBox=\"0 0 1000 1000\" xmlns=\"http:\/\/www.w3.org\/2000\/svg\"><path d=\"M696 533C708 521 713 504 713 487 713 471 708 454 696 446L400 146C388 133 375 125 354 125 338 125 325 129 313 142 300 154 292 171 292 187 292 204 296 221 308 233L563 492 304 771C292 783 288 800 288 817 288 833 296 850 308 863 321 871 338 875 354 875 371 875 388 867 400 854L696 533Z\"><\/path><\/svg>\t\t\t\t\t<\/div>\n\t\t\t\t\n\t\t\t\t\t\t\t\t\t<div class=\"swiper-pagination\"><\/div>\n\t\t\t\t\t\t\t\t\t<\/div>\n\t\t\t\t\t\t<\/div>\n\t\t\t\t<\/div>\n\t\t\t\t<div class=\"elementor-element elementor-element-4a2de86 elementor-widget elementor-widget-text-editor\" data-id=\"4a2de86\" data-element_type=\"widget\" data-e-type=\"widget\" data-widget_type=\"text-editor.default\">\n\t\t\t\t<div class=\"elementor-widget-container\">\n\t\t\t\t\t\t\t\t\t<h2><strong>Meerblick direkt nach dem Aufstehen und moderner Komfort auf 80 m\u00b2<\/strong><\/h2>\n<div>Genie\u00dfen Sie Ihren Urlaub in unserer lichtdurchfluteten und komfortablen Ferienwohnung in El Far de Salou. Mit einem spektakul\u00e4ren Meerblick und nur 5 Gehminuten vom Strand Cala Crancs entfernt, ist diese Wohnung der ideale Ort, um mit Ihrer Familie oder Ihren Freunden eine entspannte Zeit zu verbringen. Perfekt geeignet f\u00fcr 4 Personen bietet die Wohnung auf 80 m\u00b2 alles, was Sie f\u00fcr einen unvergesslichen Aufenthalt brauchen.<\/div>\t\t\t\t\t\t\t\t<\/div>\n\t\t\t\t<\/div>\n\t\t\t\t<div class=\"elementor-element elementor-element-68ac0aa elementor-widget elementor-widget-text-editor\" data-id=\"68ac0aa\" data-element_type=\"widget\" data-e-type=\"widget\" data-widget_type=\"text-editor.default\">\n\t\t\t\t<div class=\"elementor-widget-container\">\n\t\t\t\t\t\t\t\t\t<h3>Ausstattung im Detail<\/h3>\n<ul>\n<li>3 Schlafzimmer, davon 1 Doppelzimmer, beides mit Bettw\u00e4sche ausgestattet &#8211; ideal f\u00fcr Familien oder Paare<\/li>\n<li>2 voll ausgestattete B\u00e4der, inkl. Handt\u00fccher und einem Haartrockner f\u00fcr maximalen Komfort<\/li>\n<li>B\u00fcgelbrett mit B\u00fcgeleisen, Kleiderb\u00fcgel und W\u00e4schest\u00e4nder<\/li>\n<li>Ein gem\u00fctliches Wohn- und Esszimmer mit TV und viel Platz f\u00fcr gemeinsame Stunden<\/li>\n<li>Eine moderne K\u00fcche, die alles bietet: K\u00fchlschrank, Gefrierschrank, Keramik-Kochfeld, Waschmaschine, Toaster, Kaffeemaschine (Nespresso), Saftpresse, Mixer und vollst\u00e4ndiges Geschirr \u2013 f\u00fcr einen stressfreien Urlaub<\/li>\n<li>Kostenloses WLAN in der gesamten Wohnung, damit Sie immer verbunden bleiben<\/li>\n<li>1 freier Garagenplatz (PKW)\u00a0<\/li>\n<\/ul>\n<h3>Ihre private Terrasse mit Meerblick<\/h3>\n<div>Mit 16 m\u00b2 bietet die Terrasse nicht nur ausreichend Platz, sondern auch einen unvergleichlichen Blick auf das Meer. Ausgestattet mit Terrassenm\u00f6beln und einer Markise, ist dies der perfekte Ort f\u00fcr entspannte Abende mit Familie oder Freunden. Genie\u00dfen Sie das mediterrane Klima und die Sonnenunterg\u00e4nge in Ihrer privaten Oase.<\/div>\n<div>\u00a0<\/div>\t\t\t\t\t\t\t\t<\/div>\n\t\t\t\t<\/div>\n\t\t\t\t<div class=\"elementor-element elementor-element-be428ed elementor-widget elementor-widget-image-gallery\" data-id=\"be428ed\" data-element_type=\"widget\" data-e-type=\"widget\" data-widget_type=\"image-gallery.default\">\n\t\t\t\t<div class=\"elementor-widget-container\">\n\t\t\t\t\t\t\t<div class=\"elementor-image-gallery\">\n\t\t\t<div id='gallery-1' class='gallery galleryid-91 gallery-columns-4 gallery-size-1536x1536'><figure class='gallery-item'>\n\t\t\t<div class='gallery-icon landscape'>\n\t\t\t\t<img fetchpriority=\"high\" decoding=\"async\" width=\"1536\" height=\"1152\" src=\"https:\/\/fardesalou.es\/wp-content\/uploads\/2025\/02\/diele01-scaled-1536x1152.jpg\" class=\"attachment-1536x1536 size-1536x1536\" alt=\"\" aria-describedby=\"gallery-1-399\" srcset=\"https:\/\/fardesalou.es\/wp-content\/uploads\/2025\/02\/diele01-scaled-1536x1152.jpg 1536w, https:\/\/fardesalou.es\/wp-content\/uploads\/2025\/02\/diele01-300x225.jpg 300w, https:\/\/fardesalou.es\/wp-content\/uploads\/2025\/02\/diele01-1024x768.jpg 1024w, https:\/\/fardesalou.es\/wp-content\/uploads\/2025\/02\/diele01-2000x1500.jpg 2000w\" sizes=\"100vw\" \/>\n\t\t\t<\/div>\n\t\t\t\t<figcaption class='wp-caption-text gallery-caption' id='gallery-1-399'>\n\t\t\t\tEingang\n\t\t\t\t<\/figcaption><\/figure><figure class='gallery-item'>\n\t\t\t<div class='gallery-icon landscape'>\n\t\t\t\t<img decoding=\"async\" width=\"1536\" height=\"1151\" src=\"https:\/\/fardesalou.es\/wp-content\/uploads\/2024\/09\/IMG_0795-1536x1151.jpg\" class=\"attachment-1536x1536 size-1536x1536\" alt=\"\" aria-describedby=\"gallery-1-104\" srcset=\"https:\/\/fardesalou.es\/wp-content\/uploads\/2024\/09\/IMG_0795-1536x1151.jpg 1536w, https:\/\/fardesalou.es\/wp-content\/uploads\/2024\/09\/IMG_0795-300x225.jpg 300w, https:\/\/fardesalou.es\/wp-content\/uploads\/2024\/09\/IMG_0795-1024x768.jpg 1024w, https:\/\/fardesalou.es\/wp-content\/uploads\/2024\/09\/IMG_0795.jpg 1993w\" sizes=\"100vw\" \/>\n\t\t\t<\/div>\n\t\t\t\t<figcaption class='wp-caption-text gallery-caption' id='gallery-1-104'>\n\t\t\t\tWohnraum\n\t\t\t\t<\/figcaption><\/figure><figure class='gallery-item'>\n\t\t\t<div class='gallery-icon landscape'>\n\t\t\t\t<img decoding=\"async\" width=\"1536\" height=\"1152\" src=\"https:\/\/fardesalou.es\/wp-content\/uploads\/2024\/09\/IMG_0800-1536x1152.jpg\" class=\"attachment-1536x1536 size-1536x1536\" alt=\"\" aria-describedby=\"gallery-1-107\" srcset=\"https:\/\/fardesalou.es\/wp-content\/uploads\/2024\/09\/IMG_0800-1536x1152.jpg 1536w, https:\/\/fardesalou.es\/wp-content\/uploads\/2024\/09\/IMG_0800-300x225.jpg 300w, https:\/\/fardesalou.es\/wp-content\/uploads\/2024\/09\/IMG_0800-1024x768.jpg 1024w, https:\/\/fardesalou.es\/wp-content\/uploads\/2024\/09\/IMG_0800-2000x1500.jpg 2000w, https:\/\/fardesalou.es\/wp-content\/uploads\/2024\/09\/IMG_0800.jpg 2032w\" sizes=\"100vw\" \/>\n\t\t\t<\/div>\n\t\t\t\t<figcaption class='wp-caption-text gallery-caption' id='gallery-1-107'>\n\t\t\t\tWohnk\u00fcche\n\t\t\t\t<\/figcaption><\/figure><figure class='gallery-item'>\n\t\t\t<div class='gallery-icon landscape'>\n\t\t\t\t<img loading=\"lazy\" decoding=\"async\" width=\"1280\" height=\"960\" src=\"https:\/\/fardesalou.es\/wp-content\/uploads\/2025\/02\/IMG_0793.jpeg\" class=\"attachment-1536x1536 size-1536x1536\" alt=\"\" aria-describedby=\"gallery-1-240\" srcset=\"https:\/\/fardesalou.es\/wp-content\/uploads\/2025\/02\/IMG_0793.jpeg 1280w, https:\/\/fardesalou.es\/wp-content\/uploads\/2025\/02\/IMG_0793-300x225.jpeg 300w, https:\/\/fardesalou.es\/wp-content\/uploads\/2025\/02\/IMG_0793-1024x768.jpeg 1024w\" sizes=\"100vw\" \/>\n\t\t\t<\/div>\n\t\t\t\t<figcaption class='wp-caption-text gallery-caption' id='gallery-1-240'>\n\t\t\t\tWohnraum Essplatz\n\t\t\t\t<\/figcaption><\/figure><figure class='gallery-item'>\n\t\t\t<div class='gallery-icon landscape'>\n\t\t\t\t<img loading=\"lazy\" decoding=\"async\" width=\"1536\" height=\"1152\" src=\"https:\/\/fardesalou.es\/wp-content\/uploads\/2024\/09\/IMG_0798-1536x1152.jpg\" class=\"attachment-1536x1536 size-1536x1536\" alt=\"\" aria-describedby=\"gallery-1-106\" srcset=\"https:\/\/fardesalou.es\/wp-content\/uploads\/2024\/09\/IMG_0798-1536x1152.jpg 1536w, https:\/\/fardesalou.es\/wp-content\/uploads\/2024\/09\/IMG_0798-300x225.jpg 300w, https:\/\/fardesalou.es\/wp-content\/uploads\/2024\/09\/IMG_0798-1024x768.jpg 1024w, https:\/\/fardesalou.es\/wp-content\/uploads\/2024\/09\/IMG_0798.jpg 1958w\" sizes=\"100vw\" \/>\n\t\t\t<\/div>\n\t\t\t\t<figcaption class='wp-caption-text gallery-caption' id='gallery-1-106'>\n\t\t\t\tK\u00fcche\n\t\t\t\t<\/figcaption><\/figure><figure class='gallery-item'>\n\t\t\t<div class='gallery-icon landscape'>\n\t\t\t\t<img loading=\"lazy\" decoding=\"async\" width=\"1280\" height=\"942\" src=\"https:\/\/fardesalou.es\/wp-content\/uploads\/2025\/02\/IMG_0787.jpeg\" class=\"attachment-1536x1536 size-1536x1536\" alt=\"\" aria-describedby=\"gallery-1-257\" srcset=\"https:\/\/fardesalou.es\/wp-content\/uploads\/2025\/02\/IMG_0787.jpeg 1280w, https:\/\/fardesalou.es\/wp-content\/uploads\/2025\/02\/IMG_0787-300x221.jpeg 300w, https:\/\/fardesalou.es\/wp-content\/uploads\/2025\/02\/IMG_0787-1024x754.jpeg 1024w\" sizes=\"100vw\" \/>\n\t\t\t<\/div>\n\t\t\t\t<figcaption class='wp-caption-text gallery-caption' id='gallery-1-257'>\n\t\t\t\tSchlafzimmer\n\t\t\t\t<\/figcaption><\/figure><figure class='gallery-item'>\n\t\t\t<div class='gallery-icon landscape'>\n\t\t\t\t<img loading=\"lazy\" decoding=\"async\" width=\"1280\" height=\"960\" src=\"https:\/\/fardesalou.es\/wp-content\/uploads\/2025\/02\/IMG_0776.jpeg\" class=\"attachment-1536x1536 size-1536x1536\" alt=\"\" aria-describedby=\"gallery-1-258\" srcset=\"https:\/\/fardesalou.es\/wp-content\/uploads\/2025\/02\/IMG_0776.jpeg 1280w, https:\/\/fardesalou.es\/wp-content\/uploads\/2025\/02\/IMG_0776-300x225.jpeg 300w, https:\/\/fardesalou.es\/wp-content\/uploads\/2025\/02\/IMG_0776-1024x768.jpeg 1024w\" sizes=\"100vw\" \/>\n\t\t\t<\/div>\n\t\t\t\t<figcaption class='wp-caption-text gallery-caption' id='gallery-1-258'>\n\t\t\t\tBad vom Schlafzimmer\n\t\t\t\t<\/figcaption><\/figure><figure class='gallery-item'>\n\t\t\t<div class='gallery-icon landscape'>\n\t\t\t\t<img loading=\"lazy\" decoding=\"async\" width=\"1536\" height=\"1180\" src=\"https:\/\/fardesalou.es\/wp-content\/uploads\/2025\/02\/bad-sz-scaled-1536x1180.jpg\" class=\"attachment-1536x1536 size-1536x1536\" alt=\"\" aria-describedby=\"gallery-1-398\" srcset=\"https:\/\/fardesalou.es\/wp-content\/uploads\/2025\/02\/bad-sz-scaled-1536x1180.jpg 1536w, https:\/\/fardesalou.es\/wp-content\/uploads\/2025\/02\/bad-sz-300x230.jpg 300w, https:\/\/fardesalou.es\/wp-content\/uploads\/2025\/02\/bad-sz-1024x786.jpg 1024w, https:\/\/fardesalou.es\/wp-content\/uploads\/2025\/02\/bad-sz-2000x1536.jpg 2000w\" sizes=\"100vw\" \/>\n\t\t\t<\/div>\n\t\t\t\t<figcaption class='wp-caption-text gallery-caption' id='gallery-1-398'>\n\t\t\t\tBad vom Schlafzimmer\n\t\t\t\t<\/figcaption><\/figure><figure class='gallery-item'>\n\t\t\t<div class='gallery-icon landscape'>\n\t\t\t\t<img loading=\"lazy\" decoding=\"async\" width=\"1536\" height=\"1152\" src=\"https:\/\/fardesalou.es\/wp-content\/uploads\/2024\/09\/IMG_0811-1536x1152.jpg\" class=\"attachment-1536x1536 size-1536x1536\" alt=\"\" aria-describedby=\"gallery-1-111\" srcset=\"https:\/\/fardesalou.es\/wp-content\/uploads\/2024\/09\/IMG_0811-1536x1152.jpg 1536w, https:\/\/fardesalou.es\/wp-content\/uploads\/2024\/09\/IMG_0811-300x225.jpg 300w, https:\/\/fardesalou.es\/wp-content\/uploads\/2024\/09\/IMG_0811-1024x768.jpg 1024w, https:\/\/fardesalou.es\/wp-content\/uploads\/2024\/09\/IMG_0811.jpg 1986w\" sizes=\"100vw\" \/>\n\t\t\t<\/div>\n\t\t\t\t<figcaption class='wp-caption-text gallery-caption' id='gallery-1-111'>\n\t\t\t\tZimmer 1\n\t\t\t\t<\/figcaption><\/figure><figure class='gallery-item'>\n\t\t\t<div class='gallery-icon landscape'>\n\t\t\t\t<img loading=\"lazy\" decoding=\"async\" width=\"1536\" height=\"1151\" src=\"https:\/\/fardesalou.es\/wp-content\/uploads\/2024\/09\/IMG_0784-1536x1151.jpg\" class=\"attachment-1536x1536 size-1536x1536\" alt=\"\" aria-describedby=\"gallery-1-98\" srcset=\"https:\/\/fardesalou.es\/wp-content\/uploads\/2024\/09\/IMG_0784-1536x1151.jpg 1536w, https:\/\/fardesalou.es\/wp-content\/uploads\/2024\/09\/IMG_0784-300x225.jpg 300w, https:\/\/fardesalou.es\/wp-content\/uploads\/2024\/09\/IMG_0784-1024x767.jpg 1024w, https:\/\/fardesalou.es\/wp-content\/uploads\/2024\/09\/IMG_0784-2000x1499.jpg 2000w, https:\/\/fardesalou.es\/wp-content\/uploads\/2024\/09\/IMG_0784.jpg 2020w\" sizes=\"100vw\" \/>\n\t\t\t<\/div>\n\t\t\t\t<figcaption class='wp-caption-text gallery-caption' id='gallery-1-98'>\n\t\t\t\tZimmer 2\n\t\t\t\t<\/figcaption><\/figure><figure class='gallery-item'>\n\t\t\t<div class='gallery-icon landscape'>\n\t\t\t\t<img loading=\"lazy\" decoding=\"async\" width=\"1536\" height=\"1151\" src=\"https:\/\/fardesalou.es\/wp-content\/uploads\/2024\/09\/IMG_0817-1536x1151.jpg\" class=\"attachment-1536x1536 size-1536x1536\" alt=\"\" aria-describedby=\"gallery-1-112\" srcset=\"https:\/\/fardesalou.es\/wp-content\/uploads\/2024\/09\/IMG_0817-1536x1151.jpg 1536w, https:\/\/fardesalou.es\/wp-content\/uploads\/2024\/09\/IMG_0817-300x225.jpg 300w, https:\/\/fardesalou.es\/wp-content\/uploads\/2024\/09\/IMG_0817-1024x768.jpg 1024w, https:\/\/fardesalou.es\/wp-content\/uploads\/2024\/09\/IMG_0817-2000x1499.jpg 2000w, https:\/\/fardesalou.es\/wp-content\/uploads\/2024\/09\/IMG_0817.jpg 2045w\" sizes=\"100vw\" \/>\n\t\t\t<\/div>\n\t\t\t\t<figcaption class='wp-caption-text gallery-caption' id='gallery-1-112'>\n\t\t\t\tBad zu Zimmer 1 u 2\n\t\t\t\t<\/figcaption><\/figure><figure class='gallery-item'>\n\t\t\t<div class='gallery-icon landscape'>\n\t\t\t\t<img loading=\"lazy\" decoding=\"async\" width=\"1280\" height=\"960\" src=\"https:\/\/fardesalou.es\/wp-content\/uploads\/2025\/02\/IMG_0804.jpeg\" class=\"attachment-1536x1536 size-1536x1536\" alt=\"\" aria-describedby=\"gallery-1-261\" srcset=\"https:\/\/fardesalou.es\/wp-content\/uploads\/2025\/02\/IMG_0804.jpeg 1280w, https:\/\/fardesalou.es\/wp-content\/uploads\/2025\/02\/IMG_0804-300x225.jpeg 300w, https:\/\/fardesalou.es\/wp-content\/uploads\/2025\/02\/IMG_0804-1024x768.jpeg 1024w\" sizes=\"100vw\" \/>\n\t\t\t<\/div>\n\t\t\t\t<figcaption class='wp-caption-text gallery-caption' id='gallery-1-261'>\n\t\t\t\tTerrasse\n\t\t\t\t<\/figcaption><\/figure>\n\t\t<\/div>\n\t\t<\/div>\n\t\t\t\t\t\t<\/div>\n\t\t\t\t<\/div>\n\t\t\t\t<div class=\"elementor-element elementor-element-43a722c elementor-widget elementor-widget-text-editor\" data-id=\"43a722c\" data-element_type=\"widget\" data-e-type=\"widget\" data-widget_type=\"text-editor.default\">\n\t\t\t\t<div class=\"elementor-widget-container\">\n\t\t\t\t\t\t\t\t\t<h3>Hausordnung<\/h3><ul><li dir=\"auto\">Das Rauchen in der Wohnung ist verboten\u00a0<\/li><li dir=\"auto\">Haustiere sind nicht erlaubt<\/li><li dir=\"auto\">Partys und private Feste sind nicht gestattet<\/li><li dir=\"auto\">Wir bitten ab 23.00 h die Nachtruhe zu respektieren<\/li><li dir=\"auto\">Bei der Abreise ist die Wohnung so zu hinterlassen, wie Sie es vorgefunden haben. Die K\u00fcche muss sauber und aufger\u00e4umt sein, die G\u00e4ste d\u00fcrfen keine Abf\u00e4lle in der Wohnung hinterlassen. Bei Nichteinhaltung wird eine Endreinigung von 80\u20ac erhoben<\/li><\/ul><h3 dir=\"auto\">Check-in \/ Check-out<\/h3><ul><li dir=\"auto\"><strong>Check-in<\/strong> <strong>ab 15:00 Uhr <\/strong>(wird eine Kaution von 300 \u20ac in bar verlangt, falls keine Sch\u00e4den auftreten, wird dieser Betrag bei Abreise in voller H\u00f6he zur\u00fcckerstattet)\u00a0<\/li><li dir=\"auto\"><strong>Check-out bis 12:00 Uhr<\/strong>\u00a0<\/li><\/ul><h3>Sprachen<\/h3><ul><li>Spanisch, Deutsch, Englisch u. Franz\u00f6sisch<\/li><\/ul><h3>Zahlungsart<\/h3><ul><li>\u00dcberweisung<\/li><li>50% Anzahlung nach Erhalt der Buchungsbet\u00e4tigung<\/li><\/ul><h3>Stornobedingungen<\/h3><ul class=\"m-0 space-y-xs p-0\"><li class=\"mx-m\"><b>100% Erstattung <\/b>bei Stornierung 60 Kalendertage vor Urlaubsantritt, laut Buchungszeitraum.<\/li><li class=\"mx-m\"><b>50% Erstattung<\/b> bei Stornierung 30 Kalendertage vor Urlaubsantritt, laut Buchungszeitraum.<\/li><li class=\"mx-m\"><b>0% Erstattung<\/b> bei Stornierung 29 Kalendertage vor Urlaubsantritt, laut Buchungszeitraum.<\/li><\/ul>\t\t\t\t\t\t\t\t<\/div>\n\t\t\t\t<\/div>\n\t\t\t\t<div class=\"elementor-element elementor-element-c899368 elementor-widget elementor-widget-google_maps\" data-id=\"c899368\" data-element_type=\"widget\" data-e-type=\"widget\" data-widget_type=\"google_maps.default\">\n\t\t\t\t<div class=\"elementor-widget-container\">\n\t\t\t\t\t\t\t<div class=\"elementor-custom-embed\">\n\t\t\t<iframe loading=\"lazy\"\n\t\t\t\t\tsrc=\"https:\/\/maps.google.com\/maps?q=Ctra.%20del%20Far%2C%2056%2C%2043840%20Salou%2C%20Tarragona%2C%20Spanien&#038;t=m&#038;z=12&#038;output=embed&#038;iwloc=near\"\n\t\t\t\t\ttitle=\"Ctra. del Far, 56, 43840 Salou, Tarragona, Spanien\"\n\t\t\t\t\taria-label=\"Ctra. del Far, 56, 43840 Salou, Tarragona, Spanien\"\n\t\t\t><\/iframe>\n\t\t<\/div>\n\t\t\t\t\t\t<\/div>\n\t\t\t\t<\/div>\n\t\t\t\t<\/div>\n\t\t\t\t<\/div>\n\t\t","protected":false},"excerpt":{"rendered":"<p>Meerblick direkt nach dem Aufstehen und moderner Komfort auf 80 m\u00b2 Genie\u00dfen Sie Ihren Urlaub in unserer lichtdurchfluteten und komfortablen Ferienwohnung in El Far de Salou. Mit einem spektakul\u00e4ren Meerblick und nur 5 Gehminuten vom Strand Cala Crancs entfernt, ist diese Wohnung der ideale Ort, um mit Ihrer Familie oder Ihren Freunden eine entspannte Zeit &hellip; <\/p>\n<p class=\"link-more\"><a href=\"https:\/\/fardesalou.es\/?page_id=91\" class=\"more-link\">Mehr <span class=\"screen-reader-text\">\u00fcber &#8222;Die Wohnung&#8220; <\/span>Lesen<\/a><\/p>\n","protected":false},"author":3,"featured_media":220,"parent":0,"menu_order":0,"comment_status":"closed","ping_status":"closed","template":"","meta":{"_inspiro_hide_title":false,"footnotes":""},"class_list":["post-91","page","type-page","status-publish","has-post-thumbnail","hentry"],"featured_media_urls":{"thumbnail":["https:\/\/fardesalou.es\/wp-content\/uploads\/2025\/02\/20240511_173327-150x150.jpg",150,150,true],"medium":["https:\/\/fardesalou.es\/wp-content\/uploads\/2025\/02\/20240511_173327-300x225.jpg",300,225,true],"medium_large":["https:\/\/fardesalou.es\/wp-content\/uploads\/2025\/02\/20240511_173327-scaled.jpg",768,576,false],"large":["https:\/\/fardesalou.es\/wp-content\/uploads\/2025\/02\/20240511_173327-1024x768.jpg",950,713,true],"1536x1536":["https:\/\/fardesalou.es\/wp-content\/uploads\/2025\/02\/20240511_173327-scaled-1536x1152.jpg",1536,1152,true],"2048x2048":["https:\/\/fardesalou.es\/wp-content\/uploads\/2025\/02\/20240511_173327-scaled-2048x1536.jpg",2048,1536,true],"inspiro-featured-image":["https:\/\/fardesalou.es\/wp-content\/uploads\/2025\/02\/20240511_173327-2000x1500.jpg",2000,1500,true],"inspiro-loop":["https:\/\/fardesalou.es\/wp-content\/uploads\/2025\/02\/20240511_173327-950x320.jpg",950,320,true],"inspiro-loop@2x":["https:\/\/fardesalou.es\/wp-content\/uploads\/2025\/02\/20240511_173327-1900x640.jpg",1900,640,true],"portfolio_item-thumbnail":["https:\/\/fardesalou.es\/wp-content\/uploads\/2025\/02\/20240511_173327-scaled-600x400.jpg",600,400,true],"portfolio_item-thumbnail@2x":["https:\/\/fardesalou.es\/wp-content\/uploads\/2025\/02\/20240511_173327-scaled-1200x800.jpg",1200,800,true],"portfolio_item-masonry":["https:\/\/fardesalou.es\/wp-content\/uploads\/2025\/02\/20240511_173327-scaled-600x450.jpg",600,450,true],"portfolio_item-masonry@2x":["https:\/\/fardesalou.es\/wp-content\/uploads\/2025\/02\/20240511_173327-scaled-1200x900.jpg",1200,900,true],"portfolio_item-thumbnail_cinema":["https:\/\/fardesalou.es\/wp-content\/uploads\/2025\/02\/20240511_173327-scaled-800x335.jpg",800,335,true],"portfolio_item-thumbnail_portrait":["https:\/\/fardesalou.es\/wp-content\/uploads\/2025\/02\/20240511_173327-scaled-600x900.jpg",600,900,true],"portfolio_item-thumbnail_portrait@2x":["https:\/\/fardesalou.es\/wp-content\/uploads\/2025\/02\/20240511_173327-scaled-1200x1800.jpg",1200,1800,true],"portfolio_item-thumbnail_square":["https:\/\/fardesalou.es\/wp-content\/uploads\/2025\/02\/20240511_173327-scaled-800x800.jpg",800,800,true]},"_links":{"self":[{"href":"https:\/\/fardesalou.es\/index.php?rest_route=\/wp\/v2\/pages\/91","targetHints":{"allow":["GET"]}}],"collection":[{"href":"https:\/\/fardesalou.es\/index.php?rest_route=\/wp\/v2\/pages"}],"about":[{"href":"https:\/\/fardesalou.es\/index.php?rest_route=\/wp\/v2\/types\/page"}],"author":[{"embeddable":true,"href":"https:\/\/fardesalou.es\/index.php?rest_route=\/wp\/v2\/users\/3"}],"replies":[{"embeddable":true,"href":"https:\/\/fardesalou.es\/index.php?rest_route=%2Fwp%2Fv2%2Fcomments&post=91"}],"version-history":[{"count":163,"href":"https:\/\/fardesalou.es\/index.php?rest_route=\/wp\/v2\/pages\/91\/revisions"}],"predecessor-version":[{"id":897,"href":"https:\/\/fardesalou.es\/index.php?rest_route=\/wp\/v2\/pages\/91\/revisions\/897"}],"wp:featuredmedia":[{"embeddable":true,"href":"https:\/\/fardesalou.es\/index.php?rest_route=\/wp\/v2\/media\/220"}],"wp:attachment":[{"href":"https:\/\/fardesalou.es\/index.php?rest_route=%2Fwp%2Fv2%2Fmedia&parent=91"}],"curies":[{"name":"wp","href":"https:\/\/api.w.org\/{rel}","templated":true}]}}