{"id":768,"date":"2024-09-19T13:52:11","date_gmt":"2024-09-19T13:52:11","guid":{"rendered":"https:\/\/fardesalou.es\/?page_id=768"},"modified":"2025-08-26T12:50:16","modified_gmt":"2025-08-26T12:50:16","slug":"highlights","status":"publish","type":"page","link":"https:\/\/fardesalou.es\/?page_id=768&lang=es","title":{"rendered":"Puntos Destacados"},"content":{"rendered":"\t\t<div data-elementor-type=\"wp-page\" data-elementor-id=\"768\" class=\"elementor elementor-768 elementor-87\">\n\t\t\t\t<div class=\"elementor-element elementor-element-5dbe1a2c e-flex e-con-boxed e-con e-parent\" data-id=\"5dbe1a2c\" data-element_type=\"container\" data-e-type=\"container\">\n\t\t\t\t\t<div class=\"e-con-inner\">\n\t\t\t\t<div class=\"elementor-element elementor-element-16905431 elementor-widget elementor-widget-text-editor\" data-id=\"16905431\" data-element_type=\"widget\" data-e-type=\"widget\" data-widget_type=\"text-editor.default\">\n\t\t\t\t<div class=\"elementor-widget-container\">\n\t\t\t\t\t\t\t\t\t<div><h2><b>Lo mejor de la zona<\/b><\/h2><\/div><ul><li><b>Piscina: Disfrute de la amplia piscina situada dentro del complejo &#8211; ideal para refrescarse y relajarse en los d\u00edas m\u00e1s calurosos <\/b><\/li><li><b>Multideportivo<\/b>: Quienes quieren mantenerse activos incluso durante las vacaciones &#8211; nuestro campo multideportivo ofrece la posibilidad de jugar al f\u00fatbol, baloncesto y otras actividades<\/li><li><b>Terraza con vistas al mar: <\/b>rel\u00e1jese en su terraza privada con impresionantes vistas al mar<\/li><li><b>Cala rocosa en las inmediaciones: <\/b>A tan solo unos pasos del apartamento le espera una cala rocosa para disfrutar de un ba\u00f1o relajante y tomar el sol con total tranquilidad<\/li><li><b>Playa Cala Crancs: <\/b>En solo 5 minutos a pi\u00e9 llegar\u00e1 a esta playa de arena considerada una de las m\u00e1s bonitas de Salou<\/li><\/ul><div> <\/div>\t\t\t\t\t\t\t\t<\/div>\n\t\t\t\t<\/div>\n\t\t\t\t<div class=\"elementor-element elementor-element-0bd4a46 elementor-arrows-position-inside elementor-pagination-position-outside elementor-widget elementor-widget-image-carousel\" data-id=\"0bd4a46\" data-element_type=\"widget\" data-e-type=\"widget\" data-settings=\"{&quot;navigation&quot;:&quot;both&quot;,&quot;autoplay&quot;:&quot;yes&quot;,&quot;pause_on_hover&quot;:&quot;yes&quot;,&quot;pause_on_interaction&quot;:&quot;yes&quot;,&quot;autoplay_speed&quot;:5000,&quot;infinite&quot;:&quot;yes&quot;,&quot;speed&quot;:500}\" data-widget_type=\"image-carousel.default\">\n\t\t\t\t<div class=\"elementor-widget-container\">\n\t\t\t\t\t\t\t<div class=\"elementor-image-carousel-wrapper swiper\" role=\"region\" aria-roledescription=\"carousel\" aria-label=\"Bild Karussell\" dir=\"ltr\">\n\t\t\t<div class=\"elementor-image-carousel swiper-wrapper swiper-image-stretch\" aria-live=\"off\">\n\t\t\t\t\t\t\t\t<div class=\"swiper-slide\" role=\"group\" aria-roledescription=\"slide\" aria-label=\"1 de 6\"><figure class=\"swiper-slide-inner\"><img decoding=\"async\" class=\"swiper-slide-image\" src=\"https:\/\/fardesalou.es\/wp-content\/uploads\/2021\/10\/cropped-DJI_0850-600x400.jpeg\" alt=\"cropped-DJI_0850.jpeg\" \/><\/figure><\/div><div class=\"swiper-slide\" role=\"group\" aria-roledescription=\"slide\" aria-label=\"2 de 6\"><figure class=\"swiper-slide-inner\"><img decoding=\"async\" class=\"swiper-slide-image\" src=\"https:\/\/fardesalou.es\/wp-content\/uploads\/2024\/09\/IMG_0805-600x400.jpg\" alt=\"IMG_0805\" \/><\/figure><\/div><div class=\"swiper-slide\" role=\"group\" aria-roledescription=\"slide\" aria-label=\"3 de 6\"><figure class=\"swiper-slide-inner\"><img decoding=\"async\" class=\"swiper-slide-image\" src=\"https:\/\/fardesalou.es\/wp-content\/uploads\/2025\/08\/20250725_220855-600x400.jpg\" alt=\"20250725_220855\" \/><\/figure><\/div><div class=\"swiper-slide\" role=\"group\" aria-roledescription=\"slide\" aria-label=\"4 de 6\"><figure class=\"swiper-slide-inner\"><img decoding=\"async\" class=\"swiper-slide-image\" src=\"https:\/\/fardesalou.es\/wp-content\/uploads\/2025\/02\/20240512_130408-600x400.jpg\" alt=\"20240512_130408\" \/><\/figure><\/div><div class=\"swiper-slide\" role=\"group\" aria-roledescription=\"slide\" aria-label=\"5 de 6\"><figure class=\"swiper-slide-inner\"><img decoding=\"async\" class=\"swiper-slide-image\" src=\"https:\/\/fardesalou.es\/wp-content\/uploads\/2021\/10\/DJI_0842-scaled-600x400.jpg\" alt=\"K\u00fcste rund um Far de Salou\" \/><\/figure><\/div><div class=\"swiper-slide\" role=\"group\" aria-roledescription=\"slide\" aria-label=\"6 de 6\"><figure class=\"swiper-slide-inner\"><img decoding=\"async\" class=\"swiper-slide-image\" src=\"https:\/\/fardesalou.es\/wp-content\/uploads\/2024\/09\/BACE6D0E-E2DE-4335-B347-C3DCAB414688-600x400.jpg\" alt=\"BACE6D0E-E2DE-4335-B347-C3DCAB414688\" \/><\/figure><\/div>\t\t\t<\/div>\n\t\t\t\t\t\t\t\t\t\t\t\t<div class=\"elementor-swiper-button elementor-swiper-button-prev\" role=\"button\" tabindex=\"0\">\n\t\t\t\t\t\t<svg aria-hidden=\"true\" class=\"e-font-icon-svg e-eicon-chevron-left\" viewBox=\"0 0 1000 1000\" xmlns=\"http:\/\/www.w3.org\/2000\/svg\"><path d=\"M646 125C629 125 613 133 604 142L308 442C296 454 292 471 292 487 292 504 296 521 308 533L604 854C617 867 629 875 646 875 663 875 679 871 692 858 704 846 713 829 713 812 713 796 708 779 692 767L438 487 692 225C700 217 708 204 708 187 708 171 704 154 692 142 675 129 663 125 646 125Z\"><\/path><\/svg>\t\t\t\t\t<\/div>\n\t\t\t\t\t<div class=\"elementor-swiper-button elementor-swiper-button-next\" role=\"button\" tabindex=\"0\">\n\t\t\t\t\t\t<svg aria-hidden=\"true\" class=\"e-font-icon-svg e-eicon-chevron-right\" viewBox=\"0 0 1000 1000\" xmlns=\"http:\/\/www.w3.org\/2000\/svg\"><path d=\"M696 533C708 521 713 504 713 487 713 471 708 454 696 446L400 146C388 133 375 125 354 125 338 125 325 129 313 142 300 154 292 171 292 187 292 204 296 221 308 233L563 492 304 771C292 783 288 800 288 817 288 833 296 850 308 863 321 871 338 875 354 875 371 875 388 867 400 854L696 533Z\"><\/path><\/svg>\t\t\t\t\t<\/div>\n\t\t\t\t\n\t\t\t\t\t\t\t\t\t<div class=\"swiper-pagination\"><\/div>\n\t\t\t\t\t\t\t\t\t<\/div>\n\t\t\t\t\t\t<\/div>\n\t\t\t\t<\/div>\n\t\t\t\t<div class=\"elementor-element elementor-element-9f25ee5 elementor-widget elementor-widget-text-editor\" data-id=\"9f25ee5\" data-element_type=\"widget\" data-e-type=\"widget\" data-widget_type=\"text-editor.default\">\n\t\t\t\t<div class=\"elementor-widget-container\">\n\t\t\t\t\t\t\t\t\t<h2><b>Lugares destacados para excursiones en los alrededores<\/b><\/h2><div> <\/div><ul><li><b>PortAventura Park &amp; Ferrari Land (a 10 km):<\/b> Diversi\u00f3n garantizada en el mayor parque tem\u00e1tico de Espa\u00f1a &#8211; pura emoci\u00f3n para toda la familia<\/li><li><b>Tarragona (a 10 km): <\/b>Descubre una joya hist\u00f3rica con impresionantes ru\u00ednas romanas &#8211; Cuidad Patrimonio de la Humanidad por la UNESCO y destino ideal para los amantes de la cultura<\/li><li><b>Cambrils (a 12 km):<\/b> Un encantador pueblo pesquero le espera con una atm\u00f3sfera relajada y una exquisita oferta gastron\u00f3mica. Disfrute del marisco fresco en restaurantes junto al mar<\/li><li><b>Aeroport de Reus (a 12 km):<\/b> Grac\u00edas a la proximidad su llegada y salida ser\u00e1n c\u00f3modas y sin estr\u00e9s<\/li><li><b>Montblanc (a 40 km):<\/b> Una ciudad mediaval que cautiva con su encanto y una rica historia que se respira en cada rinc\u00f3n<\/li><li><b>Monestir de Poblet (a 50 km):<\/b> Un Monasterio que invita a la reflexi\u00f3n y a descubrir su legado histor\u00edco del Cister<\/li><li><b style=\"color: var( --e-global-color-text ); font-family: var( --e-global-typography-text-font-family ), Sans-serif; text-align: var(--text-align);\">Regi\u00f3 vin\u00edcola del Priorat i Montsant (a 60 km): <\/b><span style=\"color: var( --e-global-color-text ); font-family: var( --e-global-typography-text-font-family ), Sans-serif; font-weight: var( --e-global-typography-text-font-weight ); text-align: var(--text-align);\">Explora las renombradas regiones vin\u00edcolas y disfrute de catas de vino en las mejores bodegas de la zona<\/span><\/li><li><b style=\"color: var( --e-global-color-text ); font-family: var( --e-global-typography-text-font-family ), Sans-serif; text-align: var(--text-align);\">Delta de l\u2019Ebre (a 70 km):<\/b> <span style=\"color: var( --e-global-color-text ); font-family: var( --e-global-typography-text-font-family ), Sans-serif; text-align: var(--text-align);\"><span style=\"font-weight: var( --e-global-typography-text-font-weight );\">La desembocadura del Delta es una de las mayores zonas de cultivos de arroz de Espa\u00f1a, un impresionante paraje natural y un verdadero para\u00edso para los amantes de la naturalza y los observadores de aves<\/span><\/span><\/li><li><b>Barcelona (a 100 km):<\/b> Descubra la fascinante diversidad de esta famosa metr\u00f3polis, con su arquitectura \u00fanica, su vibrante arte y rica cultura<\/li><li><span style=\"font-weight: bold;\">Monestir de Montserrat (a 120 km): <\/span>Parque Natural en la monta\u00f1a de Montserrat, con impresionantes vistas del interior de Catalunya y los Pirineos<\/li><\/ul>\t\t\t\t\t\t\t\t<\/div>\n\t\t\t\t<\/div>\n\t\t\t\t<div class=\"elementor-element elementor-element-27714f6 elementor-arrows-position-inside elementor-pagination-position-outside elementor-widget elementor-widget-image-carousel\" data-id=\"27714f6\" data-element_type=\"widget\" data-e-type=\"widget\" data-settings=\"{&quot;navigation&quot;:&quot;both&quot;,&quot;autoplay&quot;:&quot;yes&quot;,&quot;pause_on_hover&quot;:&quot;yes&quot;,&quot;pause_on_interaction&quot;:&quot;yes&quot;,&quot;autoplay_speed&quot;:5000,&quot;infinite&quot;:&quot;yes&quot;,&quot;speed&quot;:500}\" data-widget_type=\"image-carousel.default\">\n\t\t\t\t<div class=\"elementor-widget-container\">\n\t\t\t\t\t\t\t<div class=\"elementor-image-carousel-wrapper swiper\" role=\"region\" aria-roledescription=\"carousel\" aria-label=\"Bild Karussell\" dir=\"ltr\">\n\t\t\t<div class=\"elementor-image-carousel swiper-wrapper swiper-image-stretch\" aria-live=\"off\">\n\t\t\t\t\t\t\t\t<div class=\"swiper-slide\" role=\"group\" aria-roledescription=\"slide\" aria-label=\"1 de 8\"><figure class=\"swiper-slide-inner\"><img decoding=\"async\" class=\"swiper-slide-image\" src=\"https:\/\/fardesalou.es\/wp-content\/uploads\/2025\/08\/20250517_132400-600x400.jpg\" alt=\"20250517_132400\" \/><\/figure><\/div><div class=\"swiper-slide\" role=\"group\" aria-roledescription=\"slide\" aria-label=\"2 de 8\"><figure class=\"swiper-slide-inner\"><img decoding=\"async\" class=\"swiper-slide-image\" src=\"https:\/\/fardesalou.es\/wp-content\/uploads\/2024\/09\/Barcelona-Bild-2-600x400.jpg\" alt=\"Barcelona Bild 2\" \/><\/figure><\/div><div class=\"swiper-slide\" role=\"group\" aria-roledescription=\"slide\" aria-label=\"3 de 8\"><figure class=\"swiper-slide-inner\"><img decoding=\"async\" class=\"swiper-slide-image\" src=\"https:\/\/fardesalou.es\/wp-content\/uploads\/2024\/09\/Barcelona-Bild-1-600x400.jpg\" alt=\"Barcelona Bild 1\" \/><\/figure><\/div><div class=\"swiper-slide\" role=\"group\" aria-roledescription=\"slide\" aria-label=\"4 de 8\"><figure class=\"swiper-slide-inner\"><img decoding=\"async\" class=\"swiper-slide-image\" src=\"https:\/\/fardesalou.es\/wp-content\/uploads\/2025\/02\/Montserrat-Spanien-Kloster-600x400.jpg\" alt=\"Montserrat Spanien Kloster\" \/><\/figure><\/div><div class=\"swiper-slide\" role=\"group\" aria-roledescription=\"slide\" aria-label=\"5 de 8\"><figure class=\"swiper-slide-inner\"><img decoding=\"async\" class=\"swiper-slide-image\" src=\"https:\/\/fardesalou.es\/wp-content\/uploads\/2024\/09\/Cambrils-Hafen-600x400.jpg\" alt=\"Cambrils Hafen\" \/><\/figure><\/div><div class=\"swiper-slide\" role=\"group\" aria-roledescription=\"slide\" aria-label=\"6 de 8\"><figure class=\"swiper-slide-inner\"><img decoding=\"async\" class=\"swiper-slide-image\" src=\"https:\/\/fardesalou.es\/wp-content\/uploads\/2024\/09\/Tarragona--600x400.jpg\" alt=\"Tarragona\" \/><\/figure><\/div><div class=\"swiper-slide\" role=\"group\" aria-roledescription=\"slide\" aria-label=\"7 de 8\"><figure class=\"swiper-slide-inner\"><img decoding=\"async\" class=\"swiper-slide-image\" src=\"https:\/\/fardesalou.es\/wp-content\/uploads\/2024\/09\/Montblanc-600x400.jpg\" alt=\"Montblanc\" \/><\/figure><\/div><div class=\"swiper-slide\" role=\"group\" aria-roledescription=\"slide\" aria-label=\"8 de 8\"><figure class=\"swiper-slide-inner\"><img decoding=\"async\" class=\"swiper-slide-image\" src=\"https:\/\/fardesalou.es\/wp-content\/uploads\/2024\/09\/Delta-del-Ebro-600x400.jpg\" alt=\"Delta del Ebro\" \/><\/figure><\/div>\t\t\t<\/div>\n\t\t\t\t\t\t\t\t\t\t\t\t<div class=\"elementor-swiper-button elementor-swiper-button-prev\" role=\"button\" tabindex=\"0\">\n\t\t\t\t\t\t<svg aria-hidden=\"true\" class=\"e-font-icon-svg e-eicon-chevron-left\" viewBox=\"0 0 1000 1000\" xmlns=\"http:\/\/www.w3.org\/2000\/svg\"><path d=\"M646 125C629 125 613 133 604 142L308 442C296 454 292 471 292 487 292 504 296 521 308 533L604 854C617 867 629 875 646 875 663 875 679 871 692 858 704 846 713 829 713 812 713 796 708 779 692 767L438 487 692 225C700 217 708 204 708 187 708 171 704 154 692 142 675 129 663 125 646 125Z\"><\/path><\/svg>\t\t\t\t\t<\/div>\n\t\t\t\t\t<div class=\"elementor-swiper-button elementor-swiper-button-next\" role=\"button\" tabindex=\"0\">\n\t\t\t\t\t\t<svg aria-hidden=\"true\" class=\"e-font-icon-svg e-eicon-chevron-right\" viewBox=\"0 0 1000 1000\" xmlns=\"http:\/\/www.w3.org\/2000\/svg\"><path d=\"M696 533C708 521 713 504 713 487 713 471 708 454 696 446L400 146C388 133 375 125 354 125 338 125 325 129 313 142 300 154 292 171 292 187 292 204 296 221 308 233L563 492 304 771C292 783 288 800 288 817 288 833 296 850 308 863 321 871 338 875 354 875 371 875 388 867 400 854L696 533Z\"><\/path><\/svg>\t\t\t\t\t<\/div>\n\t\t\t\t\n\t\t\t\t\t\t\t\t\t<div class=\"swiper-pagination\"><\/div>\n\t\t\t\t\t\t\t\t\t<\/div>\n\t\t\t\t\t\t<\/div>\n\t\t\t\t<\/div>\n\t\t\t\t\t<\/div>\n\t\t\t\t<\/div>\n\t\t\t\t<\/div>\n\t\t","protected":false},"excerpt":{"rendered":"<p>Lo mejor de la zona Piscina: Disfrute de la amplia piscina situada dentro del complejo &#8211; ideal para refrescarse y relajarse en los d\u00edas m\u00e1s calurosos Multideportivo: Quienes quieren mantenerse activos incluso durante las vacaciones &#8211; nuestro campo multideportivo ofrece la posibilidad de jugar al f\u00fatbol, baloncesto y otras actividades Terraza con vistas al mar: &hellip; <\/p>\n<p class=\"link-more\"><a href=\"https:\/\/fardesalou.es\/?page_id=768&#038;lang=es\" class=\"more-link\">Mehr <span class=\"screen-reader-text\">\u00fcber &#8222;Puntos Destacados&#8220; <\/span>Lesen<\/a><\/p>\n","protected":false},"author":3,"featured_media":672,"parent":764,"menu_order":0,"comment_status":"closed","ping_status":"closed","template":"","meta":{"_inspiro_hide_title":false,"footnotes":""},"class_list":["post-768","page","type-page","status-publish","has-post-thumbnail","hentry"],"featured_media_urls":{"thumbnail":["https:\/\/fardesalou.es\/wp-content\/uploads\/2024\/09\/pexels-danitza-peralta-413073995-15005151-150x150.jpeg",150,150,true],"medium":["https:\/\/fardesalou.es\/wp-content\/uploads\/2024\/09\/pexels-danitza-peralta-413073995-15005151-300x169.jpeg",300,169,true],"medium_large":["https:\/\/fardesalou.es\/wp-content\/uploads\/2024\/09\/pexels-danitza-peralta-413073995-15005151-scaled.jpeg",768,432,false],"large":["https:\/\/fardesalou.es\/wp-content\/uploads\/2024\/09\/pexels-danitza-peralta-413073995-15005151-1024x576.jpeg",950,534,true],"1536x1536":["https:\/\/fardesalou.es\/wp-content\/uploads\/2024\/09\/pexels-danitza-peralta-413073995-15005151-scaled-1536x864.jpeg",1536,864,true],"2048x2048":["https:\/\/fardesalou.es\/wp-content\/uploads\/2024\/09\/pexels-danitza-peralta-413073995-15005151-scaled-2048x1152.jpeg",2048,1152,true],"inspiro-featured-image":["https:\/\/fardesalou.es\/wp-content\/uploads\/2024\/09\/pexels-danitza-peralta-413073995-15005151-2000x1125.jpeg",2000,1125,true],"inspiro-loop":["https:\/\/fardesalou.es\/wp-content\/uploads\/2024\/09\/pexels-danitza-peralta-413073995-15005151-950x320.jpeg",950,320,true],"inspiro-loop@2x":["https:\/\/fardesalou.es\/wp-content\/uploads\/2024\/09\/pexels-danitza-peralta-413073995-15005151-1900x640.jpeg",1900,640,true],"portfolio_item-thumbnail":["https:\/\/fardesalou.es\/wp-content\/uploads\/2024\/09\/pexels-danitza-peralta-413073995-15005151-scaled-600x400.jpeg",600,400,true],"portfolio_item-thumbnail@2x":["https:\/\/fardesalou.es\/wp-content\/uploads\/2024\/09\/pexels-danitza-peralta-413073995-15005151-scaled-1200x800.jpeg",1200,800,true],"portfolio_item-masonry":["https:\/\/fardesalou.es\/wp-content\/uploads\/2024\/09\/pexels-danitza-peralta-413073995-15005151-scaled-600x338.jpeg",600,338,true],"portfolio_item-masonry@2x":["https:\/\/fardesalou.es\/wp-content\/uploads\/2024\/09\/pexels-danitza-peralta-413073995-15005151-scaled-1200x675.jpeg",1200,675,true],"portfolio_item-thumbnail_cinema":["https:\/\/fardesalou.es\/wp-content\/uploads\/2024\/09\/pexels-danitza-peralta-413073995-15005151-scaled-800x335.jpeg",800,335,true],"portfolio_item-thumbnail_portrait":["https:\/\/fardesalou.es\/wp-content\/uploads\/2024\/09\/pexels-danitza-peralta-413073995-15005151-scaled-600x900.jpeg",600,900,true],"portfolio_item-thumbnail_portrait@2x":["https:\/\/fardesalou.es\/wp-content\/uploads\/2024\/09\/pexels-danitza-peralta-413073995-15005151-scaled-1200x1440.jpeg",1200,1440,true],"portfolio_item-thumbnail_square":["https:\/\/fardesalou.es\/wp-content\/uploads\/2024\/09\/pexels-danitza-peralta-413073995-15005151-scaled-800x800.jpeg",800,800,true]},"_links":{"self":[{"href":"https:\/\/fardesalou.es\/index.php?rest_route=\/wp\/v2\/pages\/768","targetHints":{"allow":["GET"]}}],"collection":[{"href":"https:\/\/fardesalou.es\/index.php?rest_route=\/wp\/v2\/pages"}],"about":[{"href":"https:\/\/fardesalou.es\/index.php?rest_route=\/wp\/v2\/types\/page"}],"author":[{"embeddable":true,"href":"https:\/\/fardesalou.es\/index.php?rest_route=\/wp\/v2\/users\/3"}],"replies":[{"embeddable":true,"href":"https:\/\/fardesalou.es\/index.php?rest_route=%2Fwp%2Fv2%2Fcomments&post=768"}],"version-history":[{"count":10,"href":"https:\/\/fardesalou.es\/index.php?rest_route=\/wp\/v2\/pages\/768\/revisions"}],"predecessor-version":[{"id":958,"href":"https:\/\/fardesalou.es\/index.php?rest_route=\/wp\/v2\/pages\/768\/revisions\/958"}],"up":[{"embeddable":true,"href":"https:\/\/fardesalou.es\/index.php?rest_route=\/wp\/v2\/pages\/764"}],"wp:featuredmedia":[{"embeddable":true,"href":"https:\/\/fardesalou.es\/index.php?rest_route=\/wp\/v2\/media\/672"}],"wp:attachment":[{"href":"https:\/\/fardesalou.es\/index.php?rest_route=%2Fwp%2Fv2%2Fmedia&parent=768"}],"curies":[{"name":"wp","href":"https:\/\/api.w.org\/{rel}","templated":true}]}}