{"id":751,"date":"2024-09-19T13:52:11","date_gmt":"2024-09-19T13:52:11","guid":{"rendered":"https:\/\/fardesalou.es\/?page_id=751"},"modified":"2025-08-26T12:50:16","modified_gmt":"2025-08-26T12:50:16","slug":"highlights","status":"publish","type":"page","link":"https:\/\/fardesalou.es\/?page_id=751&lang=en","title":{"rendered":"Highlights"},"content":{"rendered":"\t\t<div data-elementor-type=\"wp-page\" data-elementor-id=\"751\" class=\"elementor elementor-751 elementor-87\">\n\t\t\t\t<div class=\"elementor-element elementor-element-5dbe1a2c e-flex e-con-boxed e-con e-parent\" data-id=\"5dbe1a2c\" data-element_type=\"container\" data-e-type=\"container\">\n\t\t\t\t\t<div class=\"e-con-inner\">\n\t\t\t\t<div class=\"elementor-element elementor-element-16905431 elementor-widget elementor-widget-text-editor\" data-id=\"16905431\" data-element_type=\"widget\" data-e-type=\"widget\" data-widget_type=\"text-editor.default\">\n\t\t\t\t<div class=\"elementor-widget-container\">\n\t\t\t\t\t\t\t\t\t<div><h2><b>Local highlights<\/b><\/h2><\/div><ul><li><b>Pool:<\/b> Genie\u00dfen Sie den gro\u00dfz\u00fcgigen Pool direkt auf dem Gel\u00e4nde der Ferienanlage \u2013 perfekt zum Abk\u00fchlen und Entspannen an warmen Tagen.<\/li><li><b>Multisportplatz:<\/b> F\u00fcr alle, die auch im Urlaub aktiv bleiben m\u00f6chten \u2013 der Multisportplatz erm\u00f6glicht, Fu\u00dfball, Basketball und andere Sportarten zu spielen.<\/li><li><b>Terrasse mit Meerblick:<\/b> Entspannen Sie auf Ihrer privaten Terrasse mit atemberaubendem Blick auf das Meer \u2013 ideal f\u00fcr lange Abende bei einem Glas Wein.<\/li><li><b>Felsenbucht in direkter N\u00e4he:<\/b> Nur wenige Schritte von der Wohnung entfernt finden Sie eine ruhige Felsenbucht, in der Sie ungest\u00f6rt baden und die Sonne genie\u00dfen k\u00f6nnen.<\/li><li><b>Strand Cala Crancs:<\/b> In nur 5 Gehminuten erreichen Sie diesen wundersch\u00f6nen Sandstrand, der zu den sch\u00f6nsten in Salou geh\u00f6rt.<\/li><\/ul><div> <\/div>\t\t\t\t\t\t\t\t<\/div>\n\t\t\t\t<\/div>\n\t\t\t\t<div class=\"elementor-element elementor-element-0bd4a46 elementor-arrows-position-inside elementor-pagination-position-outside elementor-widget elementor-widget-image-carousel\" data-id=\"0bd4a46\" data-element_type=\"widget\" data-e-type=\"widget\" data-settings=\"{&quot;navigation&quot;:&quot;both&quot;,&quot;autoplay&quot;:&quot;yes&quot;,&quot;pause_on_hover&quot;:&quot;yes&quot;,&quot;pause_on_interaction&quot;:&quot;yes&quot;,&quot;autoplay_speed&quot;:5000,&quot;infinite&quot;:&quot;yes&quot;,&quot;speed&quot;:500}\" data-widget_type=\"image-carousel.default\">\n\t\t\t\t<div class=\"elementor-widget-container\">\n\t\t\t\t\t\t\t<div class=\"elementor-image-carousel-wrapper swiper\" role=\"region\" aria-roledescription=\"carousel\" aria-label=\"Bild Karussell\" dir=\"ltr\">\n\t\t\t<div class=\"elementor-image-carousel swiper-wrapper swiper-image-stretch\" aria-live=\"off\">\n\t\t\t\t\t\t\t\t<div class=\"swiper-slide\" role=\"group\" aria-roledescription=\"slide\" aria-label=\"1 of 6\"><figure class=\"swiper-slide-inner\"><img decoding=\"async\" class=\"swiper-slide-image\" src=\"https:\/\/fardesalou.es\/wp-content\/uploads\/2021\/10\/cropped-DJI_0850-600x400.jpeg\" alt=\"cropped-DJI_0850.jpeg\" \/><\/figure><\/div><div class=\"swiper-slide\" role=\"group\" aria-roledescription=\"slide\" aria-label=\"2 of 6\"><figure class=\"swiper-slide-inner\"><img decoding=\"async\" class=\"swiper-slide-image\" src=\"https:\/\/fardesalou.es\/wp-content\/uploads\/2024\/09\/IMG_0805-600x400.jpg\" alt=\"IMG_0805\" \/><\/figure><\/div><div class=\"swiper-slide\" role=\"group\" aria-roledescription=\"slide\" aria-label=\"3 of 6\"><figure class=\"swiper-slide-inner\"><img decoding=\"async\" class=\"swiper-slide-image\" src=\"https:\/\/fardesalou.es\/wp-content\/uploads\/2025\/08\/20250725_220855-600x400.jpg\" alt=\"20250725_220855\" \/><\/figure><\/div><div class=\"swiper-slide\" role=\"group\" aria-roledescription=\"slide\" aria-label=\"4 of 6\"><figure class=\"swiper-slide-inner\"><img decoding=\"async\" class=\"swiper-slide-image\" src=\"https:\/\/fardesalou.es\/wp-content\/uploads\/2025\/02\/20240512_130408-600x400.jpg\" alt=\"20240512_130408\" \/><\/figure><\/div><div class=\"swiper-slide\" role=\"group\" aria-roledescription=\"slide\" aria-label=\"5 of 6\"><figure class=\"swiper-slide-inner\"><img decoding=\"async\" class=\"swiper-slide-image\" src=\"https:\/\/fardesalou.es\/wp-content\/uploads\/2021\/10\/DJI_0842-scaled-600x400.jpg\" alt=\"K\u00fcste rund um Far de Salou\" \/><\/figure><\/div><div class=\"swiper-slide\" role=\"group\" aria-roledescription=\"slide\" aria-label=\"6 of 6\"><figure class=\"swiper-slide-inner\"><img decoding=\"async\" class=\"swiper-slide-image\" src=\"https:\/\/fardesalou.es\/wp-content\/uploads\/2024\/09\/BACE6D0E-E2DE-4335-B347-C3DCAB414688-600x400.jpg\" alt=\"BACE6D0E-E2DE-4335-B347-C3DCAB414688\" \/><\/figure><\/div>\t\t\t<\/div>\n\t\t\t\t\t\t\t\t\t\t\t\t<div class=\"elementor-swiper-button elementor-swiper-button-prev\" role=\"button\" tabindex=\"0\">\n\t\t\t\t\t\t<svg aria-hidden=\"true\" class=\"e-font-icon-svg e-eicon-chevron-left\" viewBox=\"0 0 1000 1000\" xmlns=\"http:\/\/www.w3.org\/2000\/svg\"><path d=\"M646 125C629 125 613 133 604 142L308 442C296 454 292 471 292 487 292 504 296 521 308 533L604 854C617 867 629 875 646 875 663 875 679 871 692 858 704 846 713 829 713 812 713 796 708 779 692 767L438 487 692 225C700 217 708 204 708 187 708 171 704 154 692 142 675 129 663 125 646 125Z\"><\/path><\/svg>\t\t\t\t\t<\/div>\n\t\t\t\t\t<div class=\"elementor-swiper-button elementor-swiper-button-next\" role=\"button\" tabindex=\"0\">\n\t\t\t\t\t\t<svg aria-hidden=\"true\" class=\"e-font-icon-svg e-eicon-chevron-right\" viewBox=\"0 0 1000 1000\" xmlns=\"http:\/\/www.w3.org\/2000\/svg\"><path d=\"M696 533C708 521 713 504 713 487 713 471 708 454 696 446L400 146C388 133 375 125 354 125 338 125 325 129 313 142 300 154 292 171 292 187 292 204 296 221 308 233L563 492 304 771C292 783 288 800 288 817 288 833 296 850 308 863 321 871 338 875 354 875 371 875 388 867 400 854L696 533Z\"><\/path><\/svg>\t\t\t\t\t<\/div>\n\t\t\t\t\n\t\t\t\t\t\t\t\t\t<div class=\"swiper-pagination\"><\/div>\n\t\t\t\t\t\t\t\t\t<\/div>\n\t\t\t\t\t\t<\/div>\n\t\t\t\t<\/div>\n\t\t\t\t<div class=\"elementor-element elementor-element-9f25ee5 elementor-widget elementor-widget-text-editor\" data-id=\"9f25ee5\" data-element_type=\"widget\" data-e-type=\"widget\" data-widget_type=\"text-editor.default\">\n\t\t\t\t<div class=\"elementor-widget-container\">\n\t\t\t\t\t\t\t\t\t<h2><b>Highlights for excursions in the surrounding area<\/b><\/h2><div> <\/div><ul><li><b>PortAventura Park &amp; Ferrari Land (10 km entfernt): <\/b>Der gr\u00f6\u00dfte Freizeitpark Spaniens erwartet Sie mit aufregenden Attraktionen und jeder Menge Spa\u00df \u2013 ein absolutes Muss f\u00fcr die ganze Familie!<\/li><li><b>Tarragona (10 km entfernt):<\/b> Eine historische Stadt mit r\u00f6mischen Ruinen, die zum UNESCO-Weltkulturerbe geh\u00f6rt \u2013 perfekt f\u00fcr einen kulturellen Tagesausflug.<\/li><li><b>Cambrils (12 km entfernt):<\/b> Das charmante Fischerdorf bietet eine entspannte Atmosph\u00e4re und ausgezeichnete Restaurants, in denen Sie frische Meeresfr\u00fcchte genie\u00dfen k\u00f6nnen.<\/li><li><b>Flughafen Reus (12 km entfernt):<\/b> F\u00fcr eine einfache An- und Abreise.<\/li><li><b>Montblanc (40 km entfernt):<\/b> Eine mittelalterliche Stadt mit einzigartigem Charme und Geschichte.<\/li><li><b>Monasterio de Poblet (50 km entfernt):<\/b> Ein beeindruckendes Kloster, das zur Erkundung einl\u00e4dt.<\/li><li><b style=\"color: var( --e-global-color-text ); font-family: var( --e-global-typography-text-font-family ), Sans-serif; text-align: var(--text-align);\">Weinregion Priorat &amp; Montsant (60 km entfernt):<\/b><span style=\"color: var( --e-global-color-text ); font-family: var( --e-global-typography-text-font-family ), Sans-serif; font-weight: var( --e-global-typography-text-font-weight ); text-align: var(--text-align);\"> Erkunden Sie die renommierten Weinregionen und genie\u00dfen Sie Weinproben in den besten Weing\u00fctern der Gegend.<\/span><\/li><li><b style=\"color: var( --e-global-color-text ); font-family: var( --e-global-typography-text-font-family ), Sans-serif; text-align: var(--text-align);\">Delta del Ebro (70 km entfernt):<\/b><span style=\"color: var( --e-global-color-text ); font-family: var( --e-global-typography-text-font-family ), Sans-serif; text-align: var(--text-align);\"><span style=\"font-weight: var( --e-global-typography-text-font-weight );\"> Die Delta-Ebene geh\u00f6rt zu den gr\u00f6\u00dften Reisanbaugebieten Spaniens, ein beeindruckendes Naturreservat und ein Paradies f\u00fcr Naturliebhaber und Vogelbeobachter.<\/span><\/span><\/li><li><b>Barcelona (100 km entfernt):<\/b> Entdecken Sie die Vielfalt dieser ber\u00fchmten Metropole mit ihrer einzigartigen Architektur, Kunst und Kultur.<\/li><li><span style=\"font-weight: bold;\">Kloster Montserrat (120 km entfernt):<\/span> Naturpark auf dem Berg Montserrat, eine grandiose Aussicht in das Hinterland von Katalonien und den Pyrin\u00e4en<\/li><\/ul>\t\t\t\t\t\t\t\t<\/div>\n\t\t\t\t<\/div>\n\t\t\t\t<div class=\"elementor-element elementor-element-27714f6 elementor-arrows-position-inside elementor-pagination-position-outside elementor-widget elementor-widget-image-carousel\" data-id=\"27714f6\" data-element_type=\"widget\" data-e-type=\"widget\" data-settings=\"{&quot;navigation&quot;:&quot;both&quot;,&quot;autoplay&quot;:&quot;yes&quot;,&quot;pause_on_hover&quot;:&quot;yes&quot;,&quot;pause_on_interaction&quot;:&quot;yes&quot;,&quot;autoplay_speed&quot;:5000,&quot;infinite&quot;:&quot;yes&quot;,&quot;speed&quot;:500}\" data-widget_type=\"image-carousel.default\">\n\t\t\t\t<div class=\"elementor-widget-container\">\n\t\t\t\t\t\t\t<div class=\"elementor-image-carousel-wrapper swiper\" role=\"region\" aria-roledescription=\"carousel\" aria-label=\"Bild Karussell\" dir=\"ltr\">\n\t\t\t<div class=\"elementor-image-carousel swiper-wrapper swiper-image-stretch\" aria-live=\"off\">\n\t\t\t\t\t\t\t\t<div class=\"swiper-slide\" role=\"group\" aria-roledescription=\"slide\" aria-label=\"1 of 8\"><figure class=\"swiper-slide-inner\"><img decoding=\"async\" class=\"swiper-slide-image\" src=\"https:\/\/fardesalou.es\/wp-content\/uploads\/2025\/08\/20250517_132400-600x400.jpg\" alt=\"20250517_132400\" \/><\/figure><\/div><div class=\"swiper-slide\" role=\"group\" aria-roledescription=\"slide\" aria-label=\"2 of 8\"><figure class=\"swiper-slide-inner\"><img decoding=\"async\" class=\"swiper-slide-image\" src=\"https:\/\/fardesalou.es\/wp-content\/uploads\/2024\/09\/Barcelona-Bild-2-600x400.jpg\" alt=\"Barcelona Bild 2\" \/><\/figure><\/div><div class=\"swiper-slide\" role=\"group\" aria-roledescription=\"slide\" aria-label=\"3 of 8\"><figure class=\"swiper-slide-inner\"><img decoding=\"async\" class=\"swiper-slide-image\" src=\"https:\/\/fardesalou.es\/wp-content\/uploads\/2024\/09\/Barcelona-Bild-1-600x400.jpg\" alt=\"Barcelona Bild 1\" \/><\/figure><\/div><div class=\"swiper-slide\" role=\"group\" aria-roledescription=\"slide\" aria-label=\"4 of 8\"><figure class=\"swiper-slide-inner\"><img decoding=\"async\" class=\"swiper-slide-image\" src=\"https:\/\/fardesalou.es\/wp-content\/uploads\/2025\/02\/Montserrat-Spanien-Kloster-600x400.jpg\" alt=\"Montserrat Spanien Kloster\" \/><\/figure><\/div><div class=\"swiper-slide\" role=\"group\" aria-roledescription=\"slide\" aria-label=\"5 of 8\"><figure class=\"swiper-slide-inner\"><img decoding=\"async\" class=\"swiper-slide-image\" src=\"https:\/\/fardesalou.es\/wp-content\/uploads\/2024\/09\/Cambrils-Hafen-600x400.jpg\" alt=\"Cambrils Hafen\" \/><\/figure><\/div><div class=\"swiper-slide\" role=\"group\" aria-roledescription=\"slide\" aria-label=\"6 of 8\"><figure class=\"swiper-slide-inner\"><img decoding=\"async\" class=\"swiper-slide-image\" src=\"https:\/\/fardesalou.es\/wp-content\/uploads\/2024\/09\/Tarragona--600x400.jpg\" alt=\"Tarragona\" \/><\/figure><\/div><div class=\"swiper-slide\" role=\"group\" aria-roledescription=\"slide\" aria-label=\"7 of 8\"><figure class=\"swiper-slide-inner\"><img decoding=\"async\" class=\"swiper-slide-image\" src=\"https:\/\/fardesalou.es\/wp-content\/uploads\/2024\/09\/Montblanc-600x400.jpg\" alt=\"Montblanc\" \/><\/figure><\/div><div class=\"swiper-slide\" role=\"group\" aria-roledescription=\"slide\" aria-label=\"8 of 8\"><figure class=\"swiper-slide-inner\"><img decoding=\"async\" class=\"swiper-slide-image\" src=\"https:\/\/fardesalou.es\/wp-content\/uploads\/2024\/09\/Delta-del-Ebro-600x400.jpg\" alt=\"Delta del Ebro\" \/><\/figure><\/div>\t\t\t<\/div>\n\t\t\t\t\t\t\t\t\t\t\t\t<div class=\"elementor-swiper-button elementor-swiper-button-prev\" role=\"button\" tabindex=\"0\">\n\t\t\t\t\t\t<svg aria-hidden=\"true\" class=\"e-font-icon-svg e-eicon-chevron-left\" viewBox=\"0 0 1000 1000\" xmlns=\"http:\/\/www.w3.org\/2000\/svg\"><path d=\"M646 125C629 125 613 133 604 142L308 442C296 454 292 471 292 487 292 504 296 521 308 533L604 854C617 867 629 875 646 875 663 875 679 871 692 858 704 846 713 829 713 812 713 796 708 779 692 767L438 487 692 225C700 217 708 204 708 187 708 171 704 154 692 142 675 129 663 125 646 125Z\"><\/path><\/svg>\t\t\t\t\t<\/div>\n\t\t\t\t\t<div class=\"elementor-swiper-button elementor-swiper-button-next\" role=\"button\" tabindex=\"0\">\n\t\t\t\t\t\t<svg aria-hidden=\"true\" class=\"e-font-icon-svg e-eicon-chevron-right\" viewBox=\"0 0 1000 1000\" xmlns=\"http:\/\/www.w3.org\/2000\/svg\"><path d=\"M696 533C708 521 713 504 713 487 713 471 708 454 696 446L400 146C388 133 375 125 354 125 338 125 325 129 313 142 300 154 292 171 292 187 292 204 296 221 308 233L563 492 304 771C292 783 288 800 288 817 288 833 296 850 308 863 321 871 338 875 354 875 371 875 388 867 400 854L696 533Z\"><\/path><\/svg>\t\t\t\t\t<\/div>\n\t\t\t\t\n\t\t\t\t\t\t\t\t\t<div class=\"swiper-pagination\"><\/div>\n\t\t\t\t\t\t\t\t\t<\/div>\n\t\t\t\t\t\t<\/div>\n\t\t\t\t<\/div>\n\t\t\t\t\t<\/div>\n\t\t\t\t<\/div>\n\t\t\t\t<\/div>\n\t\t","protected":false},"excerpt":{"rendered":"<p>Local highlights Pool: Genie\u00dfen Sie den gro\u00dfz\u00fcgigen Pool direkt auf dem Gel\u00e4nde der Ferienanlage \u2013 perfekt zum Abk\u00fchlen und Entspannen an warmen Tagen. Multisportplatz: F\u00fcr alle, die auch im Urlaub aktiv bleiben m\u00f6chten \u2013 der Multisportplatz erm\u00f6glicht, Fu\u00dfball, Basketball und andere Sportarten zu spielen. Terrasse mit Meerblick: Entspannen Sie auf Ihrer privaten Terrasse mit atemberaubendem &hellip; <\/p>\n<p class=\"link-more\"><a href=\"https:\/\/fardesalou.es\/?page_id=751&#038;lang=en\" class=\"more-link\">Mehr <span class=\"screen-reader-text\">\u00fcber &#8222;Highlights&#8220; <\/span>Lesen<\/a><\/p>\n","protected":false},"author":3,"featured_media":671,"parent":747,"menu_order":0,"comment_status":"closed","ping_status":"closed","template":"","meta":{"_inspiro_hide_title":false,"footnotes":""},"class_list":["post-751","page","type-page","status-publish","has-post-thumbnail","hentry"],"featured_media_urls":{"thumbnail":["https:\/\/fardesalou.es\/wp-content\/uploads\/2024\/09\/pexels-danitza-peralta-413073995-15005151-150x150.jpeg",150,150,true],"medium":["https:\/\/fardesalou.es\/wp-content\/uploads\/2024\/09\/pexels-danitza-peralta-413073995-15005151-300x169.jpeg",300,169,true],"medium_large":["https:\/\/fardesalou.es\/wp-content\/uploads\/2024\/09\/pexels-danitza-peralta-413073995-15005151-scaled.jpeg",768,432,false],"large":["https:\/\/fardesalou.es\/wp-content\/uploads\/2024\/09\/pexels-danitza-peralta-413073995-15005151-1024x576.jpeg",950,534,true],"1536x1536":["https:\/\/fardesalou.es\/wp-content\/uploads\/2024\/09\/pexels-danitza-peralta-413073995-15005151-scaled-1536x864.jpeg",1536,864,true],"2048x2048":["https:\/\/fardesalou.es\/wp-content\/uploads\/2024\/09\/pexels-danitza-peralta-413073995-15005151-scaled-2048x1152.jpeg",2048,1152,true],"inspiro-featured-image":["https:\/\/fardesalou.es\/wp-content\/uploads\/2024\/09\/pexels-danitza-peralta-413073995-15005151-2000x1125.jpeg",2000,1125,true],"inspiro-loop":["https:\/\/fardesalou.es\/wp-content\/uploads\/2024\/09\/pexels-danitza-peralta-413073995-15005151-950x320.jpeg",950,320,true],"inspiro-loop@2x":["https:\/\/fardesalou.es\/wp-content\/uploads\/2024\/09\/pexels-danitza-peralta-413073995-15005151-1900x640.jpeg",1900,640,true],"portfolio_item-thumbnail":["https:\/\/fardesalou.es\/wp-content\/uploads\/2024\/09\/pexels-danitza-peralta-413073995-15005151-scaled-600x400.jpeg",600,400,true],"portfolio_item-thumbnail@2x":["https:\/\/fardesalou.es\/wp-content\/uploads\/2024\/09\/pexels-danitza-peralta-413073995-15005151-scaled-1200x800.jpeg",1200,800,true],"portfolio_item-masonry":["https:\/\/fardesalou.es\/wp-content\/uploads\/2024\/09\/pexels-danitza-peralta-413073995-15005151-scaled-600x338.jpeg",600,338,true],"portfolio_item-masonry@2x":["https:\/\/fardesalou.es\/wp-content\/uploads\/2024\/09\/pexels-danitza-peralta-413073995-15005151-scaled-1200x675.jpeg",1200,675,true],"portfolio_item-thumbnail_cinema":["https:\/\/fardesalou.es\/wp-content\/uploads\/2024\/09\/pexels-danitza-peralta-413073995-15005151-scaled-800x335.jpeg",800,335,true],"portfolio_item-thumbnail_portrait":["https:\/\/fardesalou.es\/wp-content\/uploads\/2024\/09\/pexels-danitza-peralta-413073995-15005151-scaled-600x900.jpeg",600,900,true],"portfolio_item-thumbnail_portrait@2x":["https:\/\/fardesalou.es\/wp-content\/uploads\/2024\/09\/pexels-danitza-peralta-413073995-15005151-scaled-1200x1440.jpeg",1200,1440,true],"portfolio_item-thumbnail_square":["https:\/\/fardesalou.es\/wp-content\/uploads\/2024\/09\/pexels-danitza-peralta-413073995-15005151-scaled-800x800.jpeg",800,800,true]},"_links":{"self":[{"href":"https:\/\/fardesalou.es\/index.php?rest_route=\/wp\/v2\/pages\/751","targetHints":{"allow":["GET"]}}],"collection":[{"href":"https:\/\/fardesalou.es\/index.php?rest_route=\/wp\/v2\/pages"}],"about":[{"href":"https:\/\/fardesalou.es\/index.php?rest_route=\/wp\/v2\/types\/page"}],"author":[{"embeddable":true,"href":"https:\/\/fardesalou.es\/index.php?rest_route=\/wp\/v2\/users\/3"}],"replies":[{"embeddable":true,"href":"https:\/\/fardesalou.es\/index.php?rest_route=%2Fwp%2Fv2%2Fcomments&post=751"}],"version-history":[{"count":3,"href":"https:\/\/fardesalou.es\/index.php?rest_route=\/wp\/v2\/pages\/751\/revisions"}],"predecessor-version":[{"id":957,"href":"https:\/\/fardesalou.es\/index.php?rest_route=\/wp\/v2\/pages\/751\/revisions\/957"}],"up":[{"embeddable":true,"href":"https:\/\/fardesalou.es\/index.php?rest_route=\/wp\/v2\/pages\/747"}],"wp:featuredmedia":[{"embeddable":true,"href":"https:\/\/fardesalou.es\/index.php?rest_route=\/wp\/v2\/media\/671"}],"wp:attachment":[{"href":"https:\/\/fardesalou.es\/index.php?rest_route=%2Fwp%2Fv2%2Fmedia&parent=751"}],"curies":[{"name":"wp","href":"https:\/\/api.w.org\/{rel}","templated":true}]}}